{"id":2,"date":"2026-01-08T15:50:28","date_gmt":"2026-01-08T15:50:28","guid":{"rendered":"http:\/\/www.humia-conseil.com\/?page_id=2"},"modified":"2026-04-13T21:58:41","modified_gmt":"2026-04-13T20:58:41","slug":"accueil","status":"publish","type":"page","link":"https:\/\/www.humia-conseil.com\/","title":{"rendered":"Accueil"},"content":{"rendered":"<h2 class=\"p1\">Orchestrer les intelligences humaines et artificielles<\/h2>\n<p class=\"p1\">L&rsquo;IA doit devenir un actif strat\u00e9gique majeur. Sinon vous risquez de passer \u00e0 c\u00f4t\u00e9 d&rsquo;un levier cl\u00e9.<\/p>\n<h3 class=\"p1\">LE VRAI PROBL\u00c8ME<\/h3>\n<p class=\"p1\">Beaucoup d&rsquo;entreprises abordent l&rsquo;IA par les outils et la technologie.<\/p>\n<p class=\"p1\">Or le vrai sujet n&rsquo;est pas technologique : c&rsquo;est la d\u00e9cision et le pilotage.<\/p>\n<p class=\"p1\">Sans intention strat\u00e9gique claire, l&rsquo;IA disperse les efforts, retarde les d\u00e9cisions et cr\u00e9e plus de complexit\u00e9 que de valeur.<\/p>\n<h3 class=\"p1\">LA SOLUTION: Un syst\u00e8me d&rsquo;IA gouvern\u00e9<\/h3>\n<p class=\"p1\">L&rsquo;IA n&rsquo;est jamais seule. Elle prend forme dans un syst\u00e8me d&rsquo;IA gouvern\u00e9 : usages m\u00e9tiers, donn\u00e9es, outils, r\u00e8gles de pilotage.<\/p>\n<p class=\"p1\">Un syst\u00e8me d&rsquo;IA gouvern\u00e9 :<\/p>\n<ul>\n<li class=\"p1\">Align\u00e9 avec votre strat\u00e9gie<\/li>\n<li class=\"p1\">Int\u00e9gr\u00e9 aux m\u00e9tiers<\/li>\n<li class=\"p1\">\u00c9volutif et pilot\u00e9<\/li>\n<li class=\"p1\">Un actif structurant, pas une usine \u00e0 gaz<\/li>\n<\/ul>\n<h3 class=\"p1\">POURQUOI HUMIA ?<\/h3>\n<p class=\"p1\">HumIA fait le lien entre : strat\u00e9gie \u2192 m\u00e9tiers \u2192 solutions \u2192 partenaires. Toujours dans cet ordre.<\/p>\n<p class=\"p1\">Nous n&rsquo;offrons pas une solution cl\u00e9 en main ou une plateforme universelle.<\/p>\n<p class=\"p1\">Nous accompagnons des dirigeants qui veulent :<\/p>\n<ul>\n<li class=\"p1\">D\u00e9cider plut\u00f4t que subir<\/li>\n<li class=\"p1\">Structurer plut\u00f4t qu&#8217;empiler<\/li>\n<li class=\"p1\">Faire de l&rsquo;IA un actif strat\u00e9gique durable<\/li>\n<\/ul>\n<h3 class=\"p1\">NOS SERVICES<\/h3>\n<ul>\n<li class=\"p1\">Audit &amp; Diagnostic Strat\u00e9gique<\/li>\n<li class=\"p1\">Formation &amp; Mont\u00e9e en Comp\u00e9tence<\/li>\n<li class=\"p1\">Impl\u00e9mentation Progressive<\/li>\n<li class=\"p1\">Pilotage Strat\u00e9gique<\/li>\n<\/ul>\n\n\n<div class=\"wp-block-buttons is-content-justification-center is-layout-flex wp-container-core-buttons-is-layout-a89b3969 wp-block-buttons-is-layout-flex\">\n<div class=\"wp-block-button\"><a class=\"wp-block-button__link wp-element-button\" href=\"https:\/\/calendar.app.google\/ZNEGMZBxpmJbDcZp6\" target=\"_blank\" rel=\"noreferrer noopener\">Parlons 15 minutes pour clarifier vos enjeux<\/a><\/div>\n<\/div>\n\n\n\n<p>Vous n&rsquo;avez pas besoin d&rsquo;avoir toutes les r\u00e9ponses. Un \u00e9change court suffit souvent \u00e0 d\u00e9cider de la suite.<\/p>\n","protected":false},"excerpt":{"rendered":"<p>Orchestrer les intelligences humaines et artificielles L&rsquo;IA doit devenir un actif strat\u00e9gique majeur. Sinon vous risquez de passer \u00e0 c\u00f4t\u00e9 d&rsquo;un levier cl\u00e9. LE VRAI PROBL\u00c8ME Beaucoup d&rsquo;entreprises abordent l&rsquo;IA par les outils et la technologie. Or le vrai sujet n&rsquo;est pas technologique : c&rsquo;est la d\u00e9cision et le pilotage. Sans intention strat\u00e9gique claire, l&rsquo;IA [&hellip;]<\/p>\n","protected":false},"author":1,"featured_media":0,"parent":0,"menu_order":0,"comment_status":"closed","ping_status":"closed","template":"no-title","meta":{"footnotes":""},"class_list":["post-2","page","type-page","status-publish","hentry"],"_links":{"self":[{"href":"https:\/\/www.humia-conseil.com\/index.php\/wp-json\/wp\/v2\/pages\/2","targetHints":{"allow":["GET"]}}],"collection":[{"href":"https:\/\/www.humia-conseil.com\/index.php\/wp-json\/wp\/v2\/pages"}],"about":[{"href":"https:\/\/www.humia-conseil.com\/index.php\/wp-json\/wp\/v2\/types\/page"}],"author":[{"embeddable":true,"href":"https:\/\/www.humia-conseil.com\/index.php\/wp-json\/wp\/v2\/users\/1"}],"replies":[{"embeddable":true,"href":"https:\/\/www.humia-conseil.com\/index.php\/wp-json\/wp\/v2\/comments?post=2"}],"version-history":[{"count":4,"href":"https:\/\/www.humia-conseil.com\/index.php\/wp-json\/wp\/v2\/pages\/2\/revisions"}],"predecessor-version":[{"id":124,"href":"https:\/\/www.humia-conseil.com\/index.php\/wp-json\/wp\/v2\/pages\/2\/revisions\/124"}],"wp:attachment":[{"href":"https:\/\/www.humia-conseil.com\/index.php\/wp-json\/wp\/v2\/media?parent=2"}],"curies":[{"name":"wp","href":"https:\/\/api.w.org\/{rel}","templated":true}]}}